 7. Let j be n(-5). Let r = -6 - j. What is the highest common divisor of 10 and r?
2
Let t be 256/16 - (-10)/(-2). Calculate the highest common factor of 209 and t.
11
Let h be (2*2/(-14))/((-1)/7). Let u = -7 - -15. Calculate the greatest common factor of h and u.
2
Let a be (11 - 0)*-3*1. Let s = 50 + a. Calculate the highest common divisor of s and 136.
17
Suppose -5*g = 2*r - 33, 0*g + 2*g = 5*r - 126. Let i be -16*((-18)/(-8) + -3). What is the highest common divisor of r and i?
12
Let p = -14 + 20. What is the greatest common factor of 2 and p?
2
Suppose 9 = 3*m - 45. Let j(a) = 2*a**3 - 8*a**2 + 6*a + 1. Let w be j(5). Suppose k = -2*k + w. What is the highest common factor of k and m?
9
Let o be 1/(4/(-8))*-10. What is the highest common factor of 8 and o?
4
Let y = -98 - -176. Let t be (-423)/(-39) - (-12)/78. Suppose t = a - 2. What is the highest common factor of a and y?
13
Let y be (-9)/(-2 - (-42)/22). Suppose -5*p - 3 = -2*v, 0*v - 2*p + 33 = 3*v. Calculate the highest common factor of y and v.
9
Suppose 0 = -5*r + 2*s - 3*s + 300, 0 = -4*s. What is the greatest common divisor of 24 and r?
12
Suppose 0 = 3*f + 17*f - 2600. Calculate the greatest common divisor of f and 195.
65
Suppose -5*p - 250 = -5*v, 2*p - 1 = 3. Calculate the greatest common factor of v and 182.
26
Let y = -10 + 20. Suppose -4*z = p - 83, -z = -0*z + 3*p - 29. What is the greatest common factor of y and z?
10
Let t = 8 - 8. Suppose 3*r + s - 653 = t, -1154 = -5*r + s - 79. What is the highest common factor of 24 and r?
24
Let i(m) = -m**3 + 5*m**2 - 3*m + 1. Let f(n) = n**2 + 3. Let g be f(0). Let a be i(g). Let z = 26 - a. What is the highest common factor of z and 4?
4
Let u(l) = 2*l**2 + 4*l + 1. Let x be u(-3). Let j be 32/x - (-6)/14. Calculate the highest common divisor of 2 and j.
1
Let o be (-6)/(-1 - 3/6). Suppose 0 = -5*n + 3*d + 34, -34 - 1 = -o*n + 5*d. What is the highest common factor of n and 25?
5
Let j be (9/(-6))/((-3)/32). What is the greatest common factor of j and 8?
8
Let l = -3 - -13. Let k = 3 + l. What is the greatest common divisor of k and 117?
13
Let s be (12/5)/(12/40). Calculate the highest common factor of s and 72.
8
Suppose 9*r - 4*r = 210. What is the greatest common factor of r and 6?
6
Suppose -7*t + 2*t + 615 = 0. Calculate the highest common factor of 82 and t.
41
Suppose -4*w - 6 = 4*p - 18, w = 2*p. What is the greatest common divisor of w and 8?
2
Let t(i) = 9*i + 27. Let q be t(0). Calculate the highest common divisor of 216 and q.
27
Let r(b) = -2*b + 2. Let l be r(2). Let g be ((-12)/9)/((-2)/12). Let o = l + g. Calculate the greatest common divisor of o and 18.
6
Let n(s) = s - 2. Let o be n(-6). Let u be o/36 + 994/18. What is the highest common divisor of 11 and u?
11
Let n(o) = 8*o**2 - 1. Let p = -17 + 16. Let q be n(p). Calculate the greatest common divisor of q and 7.
7
Let i be 5*1/((-15)/(-6)). Suppose 12 + i = b. What is the greatest common divisor of 7 and b?
7
Let g = -16 + 38. Calculate the greatest common divisor of g and 88.
22
Let b be -2 + 71 + 1 + -5. Calculate the highest common factor of b and 13.
13
Let p = 18 + -2. Let r be ((-8)/5)/(2/(-40)). What is the greatest common factor of r and p?
16
Suppose -4 + 10 = 3*b. Suppose q + 2 = 0, b*t + t - 5*q = 175. What is the highest common divisor of t and 11?
11
Let h = -12 + 2. Let v be 6/h*(2 + -47). Calculate the greatest common factor of v and 27.
27
Let v = -17 - -35. Let c be (-15)/20 - v/8. Let y be c*(0 + 2)/(-2). What is the highest common factor of 9 and y?
3
Suppose 48 = 3*h + 12. What is the greatest common factor of 36 and h?
12
Let r be (60/25)/(1/25). Calculate the greatest common divisor of r and 15.
15
Let n(j) = -j**3 - j**2 + 56. Let w be n(0). Let x be -2 - 2/2 - -2. Let r be -1 - ((-2)/x - 11). What is the greatest common factor of w and r?
8
Suppose 0 = 5*r - 2*o - 379, -4*r + 0*o = 4*o - 320. Let y = -8 + 15. Calculate the greatest common divisor of r and y.
7
Let d = 37 + -16. Let b = d + -32. Let k = 15 + b. Calculate the highest common divisor of k and 6.
2
Let b(k) = 3*k - 9. Suppose -4*l = -2*j - 24, -2*l = 4*j - 6*l + 28. Let p be 3/6 + (-13)/j. Let i be b(p). Calculate the highest common divisor of i and 18.
6
Suppose 5*t - 4*t - 119 = 0. What is the highest common factor of 17 and t?
17
Let w(s) = -2*s - 7. Let x be w(-3). Let o be 43 + -2 + 2 + x. Calculate the highest common divisor of o and 28.
14
Suppose 5 = -2*u + 31. Suppose l + 203 = 4*o - 4*l, -2*o + 5*l + 99 = 0. Suppose 3*v = 2*v + o. Calculate the highest common divisor of u and v.
13
Suppose -7*f + 490 + 84 = 0. What is the greatest common divisor of 123 and f?
41
Suppose 9 - 1 = 2*j. Suppose -5*k + k = -j. Suppose 2*y + 3*y = 40. What is the greatest common divisor of y and k?
1
Let o = -8 - -20. Suppose 0 = -2*j + 3*p + 2*p + 58, -4*j = -4*p - 104. What is the greatest common factor of o and j?
12
Let n(r) be the second derivative of -r**5/20 + r**4/2 - r**3/2 + 2*r**2 - 7*r. Let l be n(5). What is the greatest common divisor of l and 7?
7
Let d = -5 - -20. Suppose -3*j = f - 6, 5*j = 3*j + 2. Calculate the greatest common divisor of f and d.
3
Let j(g) = g**2 - 13*g + 10. Let c be j(13). Let o(a) = a**3 + 10*a**2 - 11. Let v be o(-9). Calculate the greatest common factor of c and v.
10
Let m be (-218)/(-4)*14/7. Suppose 3*p + 2*o - 5*o - 75 = 0, -4*p + m = 5*o. What is the highest common factor of 104 and p?
26
Let z(r) = 4*r**2 + 5. Let w be z(-5). Suppose -2*h + 42 = 5*s, -3*h - 2*h + 105 = -4*s. Calculate the greatest common divisor of h and w.
21
Let i be 26/7 + (-12)/7 + 2. What is the highest common factor of i and 16?
4
Let s = -45 + 64. What is the highest common divisor of s and 171?
19
Let b be (12/(-4))/((-3)/11). What is the greatest common factor of 121 and b?
11
Let c = -2 + 5. Suppose 5*o - c*o - 20 = 0. Calculate the greatest common divisor of 30 and o.
10
Let j be (-648)/(-15) + (-1)/5. Suppose 2*c - 18 = -u, j = 3*u - c - 25. Calculate the highest common factor of u and 110.
22
Let b = 13 - -3. Calculate the highest common factor of 40 and b.
8
Suppose 3*v + 0*v + 6 = 0. Let y be (6/v - -7) + 1. What is the greatest common divisor of 35 and y?
5
Let b = 28 + -18. Let d(o) = o**2 + o + 10. Let t be d(4). Calculate the greatest common divisor of t and b.
10
Suppose 2*x = 5*u + 39, -3*x - 2*u - 38 = -106. What is the greatest common factor of x and 11?
11
Suppose -l + 8 + 43 = 0. What is the greatest common factor of 17 and l?
17
Let z(j) = j**3 - 7*j**2 + 8*j. Let d be z(6). What is the greatest common divisor of d and 84?
12
Let f(c) = -3*c**2 + 4*c**2 + 1 + 2*c**2. Let r be f(2). Let n = r - -37. Calculate the highest common factor of n and 10.
10
Let o(d) = -d. Let h be o(-4). Let y = -6 - -11. Suppose -h*n = -z - y - 140, 4*n - 143 = -z. What is the highest common factor of 24 and n?
12
Suppose 6*n = -0*n + 60. What is the greatest common divisor of 25 and n?
5
Let x(y) = 4*y**2 + 5*y - 4. Let s be x(1). Let a be (-2 + 3)/((-1)/(-25)). What is the greatest common factor of s and a?
5
Suppose -2*k - 3*k + 80 = 0. Let d be 133/4 - (-12)/k. What is the greatest common factor of 51 and d?
17
Let x = 16 + -16. Suppose -106 = -x*i - i - 5*q, -374 = -3*i - q. Calculate the greatest common factor of i and 18.
18
Let h(i) = i + 294. Let a be h(0). Let u = a - 169. Suppose 0*p = m - 2*p - u, -2*m - p + 230 = 0. Calculate the highest common divisor of m and 13.
13
Suppose 5*f - 20 + 0 = 0. Calculate the highest common factor of 4 and f.
4
Let s be -3*(12/(-3) + 3). Calculate the highest common factor of s and 2.
1
Suppose 0 = -h + 2 + 1. Suppose 2*l + h*l = 90. What is the highest common factor of 45 and l?
9
Suppose -4*s + 232 = 4*t, -2*t + 96 = -0*t - 3*s. Calculate the greatest common factor of 90 and t.
18
Let w be (-4)/18 + 182/9. Let v = w + -4. Calculate the greatest common factor of v and 40.
8
Let f be (-167 + -4)/(-3) - -3. What is the greatest common factor of f and 10?
10
Let l(b) = -2*b - 6. Let q be l(-4). Calculate the greatest common divisor of q and 22.
2
Suppose -r + 2 = 4*s - 16, 0 = -2*r + 4*s + 84. Suppose -3*f - r = -f. Let c = f - -45. Calculate the greatest common factor of c and 4.
4
Let f be (-1 - 11)*(-5)/4. Suppos